{"id":8,"date":"2023-10-27T12:11:27","date_gmt":"2023-10-27T10:11:27","guid":{"rendered":"https:\/\/billard-aubenas.fr\/new\/?page_id=8"},"modified":"2024-10-28T15:37:32","modified_gmt":"2024-10-28T14:37:32","slug":"billard-club-aubenas","status":"publish","type":"page","link":"https:\/\/billard-aubenas.fr\/","title":{"rendered":"BILLARD CLUB AUBENAS"},"content":{"rendered":"\t\t<div data-elementor-type=\"wp-page\" data-elementor-id=\"8\" class=\"elementor elementor-8\">\n\t\t\t\t<div class=\"elementor-element elementor-element-b05ff68 e-con-full e-flex e-con e-parent\" data-id=\"b05ff68\" data-element_type=\"container\" data-e-type=\"container\">\n\t\t<div class=\"elementor-element elementor-element-4e3014d e-con-full e-flex e-con e-child\" data-id=\"4e3014d\" data-element_type=\"container\" data-e-type=\"container\">\n\t\t\t\t<div class=\"elementor-element elementor-element-289b4ff elementor-widget elementor-widget-image\" data-id=\"289b4ff\" data-element_type=\"widget\" data-e-type=\"widget\" data-widget_type=\"image.default\">\n\t\t\t\t<div class=\"elementor-widget-container\">\n\t\t\t\t\t\t\t\t\t\t\t\t\t\t\t<img fetchpriority=\"high\" decoding=\"async\" width=\"1536\" height=\"588\" src=\"https:\/\/billard-aubenas.fr\/wp-content\/uploads\/2023\/10\/couverture-fb-1536x588.png\" class=\"attachment-1536x1536 size-1536x1536 wp-image-84\" alt=\"\" srcset=\"https:\/\/billard-aubenas.fr\/wp-content\/uploads\/2023\/10\/couverture-fb-1536x588.png 1536w, https:\/\/billard-aubenas.fr\/wp-content\/uploads\/2023\/10\/couverture-fb-300x115.png 300w, https:\/\/billard-aubenas.fr\/wp-content\/uploads\/2023\/10\/couverture-fb-1024x392.png 1024w, https:\/\/billard-aubenas.fr\/wp-content\/uploads\/2023\/10\/couverture-fb-768x294.png 768w, https:\/\/billard-aubenas.fr\/wp-content\/uploads\/2023\/10\/couverture-fb-2048x784.png 2048w\" sizes=\"(max-width: 1536px) 100vw, 1536px\" \/>\t\t\t\t\t\t\t\t\t\t\t\t\t\t\t<\/div>\n\t\t\t\t<\/div>\n\t\t\t\t<div class=\"elementor-element elementor-element-4b0a0a0 elementor-widget elementor-widget-text-editor\" data-id=\"4b0a0a0\" data-element_type=\"widget\" data-e-type=\"widget\" data-widget_type=\"text-editor.default\">\n\t\t\t\t<div class=\"elementor-widget-container\">\n\t\t\t\t\t\t\t\t\t<h3 style=\"padding-left: 40px; text-align: center;\"><strong>Fond\u00e9 dans les ann\u00e9es 1990 par Paul Privat,<br \/>le club vous propose aujourd&rsquo;hui plusieurs disciplines :<\/strong><br \/><strong>le billard fran\u00e7ais,\u00a0le 5 quilles\u00a0et\u00a0le blackball.<br \/><br \/><\/strong><strong>Venez d\u00e9couvrir ces disciplines sur des billards de comp\u00e9tition.<\/strong><\/h3>\t\t\t\t\t\t\t\t<\/div>\n\t\t\t\t<\/div>\n\t\t\t\t<div class=\"elementor-element elementor-element-f6dfc10 elementor-widget elementor-widget-image\" data-id=\"f6dfc10\" data-element_type=\"widget\" data-e-type=\"widget\" data-widget_type=\"image.default\">\n\t\t\t\t<div class=\"elementor-widget-container\">\n\t\t\t\t\t\t\t\t\t\t\t\t\t\t\t<img decoding=\"async\" src=\"https:\/\/billard-aubenas.fr\/wp-content\/uploads\/2024\/10\/disciplines.webp\" title=\"disciplines\" alt=\"disciplines\" loading=\"lazy\" \/>\t\t\t\t\t\t\t\t\t\t\t\t\t\t\t<\/div>\n\t\t\t\t<\/div>\n\t\t\t\t<\/div>\n\t\t\t\t<\/div>\n\t\t<div class=\"elementor-element elementor-element-9e43503 e-flex e-con-boxed e-con e-parent\" data-id=\"9e43503\" data-element_type=\"container\" data-e-type=\"container\">\n\t\t\t\t\t<div class=\"e-con-inner\">\n\t\t\t\t<div class=\"elementor-element elementor-element-8b944d9 elementor-widget elementor-widget-heading\" data-id=\"8b944d9\" data-element_type=\"widget\" data-e-type=\"widget\" data-widget_type=\"heading.default\">\n\t\t\t\t<div class=\"elementor-widget-container\">\n\t\t\t\t\t<h2 class=\"elementor-heading-title elementor-size-default\">Nos partenaires<\/h2>\t\t\t\t<\/div>\n\t\t\t\t<\/div>\n\t\t\t\t\t<\/div>\n\t\t\t\t<\/div>\n\t\t<div class=\"elementor-element elementor-element-a61d6f5 e-flex e-con-boxed e-con e-parent\" data-id=\"a61d6f5\" data-element_type=\"container\" data-e-type=\"container\">\n\t\t\t\t\t<div class=\"e-con-inner\">\n\t\t<div class=\"elementor-element elementor-element-a5fa8c4 e-con-full e-flex e-con e-child\" data-id=\"a5fa8c4\" data-element_type=\"container\" data-e-type=\"container\">\n\t\t\t\t<div class=\"elementor-element elementor-element-642727e elementor-widget elementor-widget-image\" data-id=\"642727e\" data-element_type=\"widget\" data-e-type=\"widget\" data-widget_type=\"image.default\">\n\t\t\t\t<div class=\"elementor-widget-container\">\n\t\t\t\t\t\t\t\t\t\t\t\t\t\t\t<img decoding=\"async\" width=\"125\" height=\"69\" src=\"https:\/\/billard-aubenas.fr\/wp-content\/uploads\/2023\/10\/abau-logoffb-27269.png\" class=\"attachment-large size-large wp-image-216\" alt=\"\" \/>\t\t\t\t\t\t\t\t\t\t\t\t\t\t\t<\/div>\n\t\t\t\t<\/div>\n\t\t\t\t<\/div>\n\t\t<div class=\"elementor-element elementor-element-e5c081c e-con-full e-flex e-con e-child\" data-id=\"e5c081c\" data-element_type=\"container\" data-e-type=\"container\">\n\t\t\t\t<div class=\"elementor-element elementor-element-3df3f0b elementor-widget elementor-widget-image\" data-id=\"3df3f0b\" data-element_type=\"widget\" data-e-type=\"widget\" data-widget_type=\"image.default\">\n\t\t\t\t<div class=\"elementor-widget-container\">\n\t\t\t\t\t\t\t\t\t\t\t\t\t\t\t<img decoding=\"async\" width=\"200\" height=\"85\" src=\"https:\/\/billard-aubenas.fr\/wp-content\/uploads\/2023\/10\/logo_lrab.png\" class=\"attachment-large size-large wp-image-220\" alt=\"\" \/>\t\t\t\t\t\t\t\t\t\t\t\t\t\t\t<\/div>\n\t\t\t\t<\/div>\n\t\t\t\t<\/div>\n\t\t<div class=\"elementor-element elementor-element-3960d49 e-con-full e-flex e-con e-child\" data-id=\"3960d49\" data-element_type=\"container\" data-e-type=\"container\">\n\t\t\t\t<div class=\"elementor-element elementor-element-03cb366 elementor-widget elementor-widget-image\" data-id=\"03cb366\" data-element_type=\"widget\" data-e-type=\"widget\" data-widget_type=\"image.default\">\n\t\t\t\t<div class=\"elementor-widget-container\">\n\t\t\t\t\t\t\t\t\t\t\t\t\t\t\t<img decoding=\"async\" src=\"https:\/\/billard-aubenas.fr\/wp-content\/uploads\/2024\/10\/LOGO_REGION_RVB-BLEU-GRIS.png\" title=\"LOGO_REGION_RVB-BLEU-GRIS\" alt=\"LOGO_REGION_RVB-BLEU-GRIS\" loading=\"lazy\" \/>\t\t\t\t\t\t\t\t\t\t\t\t\t\t\t<\/div>\n\t\t\t\t<\/div>\n\t\t\t\t<\/div>\n\t\t<div class=\"elementor-element elementor-element-4f659b3 e-con-full e-flex e-con e-child\" data-id=\"4f659b3\" data-element_type=\"container\" data-e-type=\"container\">\n\t\t\t\t<div class=\"elementor-element elementor-element-1824555 elementor-widget elementor-widget-image\" data-id=\"1824555\" data-element_type=\"widget\" data-e-type=\"widget\" data-widget_type=\"image.default\">\n\t\t\t\t<div class=\"elementor-widget-container\">\n\t\t\t\t\t\t\t\t\t\t\t\t\t\t\t<img decoding=\"async\" src=\"https:\/\/billard-aubenas.fr\/wp-content\/uploads\/2023\/11\/Ardeche_07_logo_2022.svg_.png\" title=\"Ard\u00e8che_(07)_logo_2022.svg\" alt=\"Ard\u00e8che_(07)_logo_2022.svg\" loading=\"lazy\" \/>\t\t\t\t\t\t\t\t\t\t\t\t\t\t\t<\/div>\n\t\t\t\t<\/div>\n\t\t\t\t<\/div>\n\t\t<div class=\"elementor-element elementor-element-6954337 e-con-full e-flex e-con e-child\" data-id=\"6954337\" data-element_type=\"container\" data-e-type=\"container\">\n\t\t\t\t<div class=\"elementor-element elementor-element-8520a95 elementor-widget elementor-widget-image\" data-id=\"8520a95\" data-element_type=\"widget\" data-e-type=\"widget\" data-widget_type=\"image.default\">\n\t\t\t\t<div class=\"elementor-widget-container\">\n\t\t\t\t\t\t\t\t\t\t\t\t\t\t\t<img loading=\"lazy\" decoding=\"async\" width=\"236\" height=\"186\" src=\"https:\/\/billard-aubenas.fr\/wp-content\/uploads\/2023\/11\/aubenas-logo.png\" class=\"attachment-large size-large wp-image-357\" alt=\"\" \/>\t\t\t\t\t\t\t\t\t\t\t\t\t\t\t<\/div>\n\t\t\t\t<\/div>\n\t\t\t\t<\/div>\n\t\t<div class=\"elementor-element elementor-element-9690c35 e-con-full e-flex e-con e-child\" data-id=\"9690c35\" data-element_type=\"container\" data-e-type=\"container\">\n\t\t\t\t<div class=\"elementor-element elementor-element-469151c elementor-widget elementor-widget-image\" data-id=\"469151c\" data-element_type=\"widget\" data-e-type=\"widget\" data-widget_type=\"image.default\">\n\t\t\t\t<div class=\"elementor-widget-container\">\n\t\t\t\t\t\t\t\t\t\t\t\t\t\t\t<img loading=\"lazy\" decoding=\"async\" width=\"752\" height=\"528\" src=\"https:\/\/billard-aubenas.fr\/wp-content\/uploads\/2023\/10\/logo_ancv_CV_ptl.png\" class=\"attachment-large size-large wp-image-219\" alt=\"\" srcset=\"https:\/\/billard-aubenas.fr\/wp-content\/uploads\/2023\/10\/logo_ancv_CV_ptl.png 975w, https:\/\/billard-aubenas.fr\/wp-content\/uploads\/2023\/10\/logo_ancv_CV_ptl-300x210.png 300w, https:\/\/billard-aubenas.fr\/wp-content\/uploads\/2023\/10\/logo_ancv_CV_ptl-768x539.png 768w\" sizes=\"(max-width: 752px) 100vw, 752px\" \/>\t\t\t\t\t\t\t\t\t\t\t\t\t\t\t<\/div>\n\t\t\t\t<\/div>\n\t\t\t\t<\/div>\n\t\t<div class=\"elementor-element elementor-element-cfe60f4 e-con-full e-flex e-con e-child\" data-id=\"cfe60f4\" data-element_type=\"container\" data-e-type=\"container\">\n\t\t\t\t<div class=\"elementor-element elementor-element-cf2fd92 elementor-widget elementor-widget-image\" data-id=\"cf2fd92\" data-element_type=\"widget\" data-e-type=\"widget\" data-widget_type=\"image.default\">\n\t\t\t\t<div class=\"elementor-widget-container\">\n\t\t\t\t\t\t\t\t\t\t\t\t\t\t\t<img loading=\"lazy\" decoding=\"async\" width=\"542\" height=\"372\" src=\"https:\/\/billard-aubenas.fr\/wp-content\/uploads\/2023\/10\/sixdenier.png\" class=\"attachment-large size-large wp-image-227\" alt=\"\" srcset=\"https:\/\/billard-aubenas.fr\/wp-content\/uploads\/2023\/10\/sixdenier.png 542w, https:\/\/billard-aubenas.fr\/wp-content\/uploads\/2023\/10\/sixdenier-300x206.png 300w\" sizes=\"(max-width: 542px) 100vw, 542px\" \/>\t\t\t\t\t\t\t\t\t\t\t\t\t\t\t<\/div>\n\t\t\t\t<\/div>\n\t\t\t\t<\/div>\n\t\t<div class=\"elementor-element elementor-element-2cb6cac e-con-full e-flex e-con e-child\" data-id=\"2cb6cac\" data-element_type=\"container\" data-e-type=\"container\">\n\t\t\t\t<div class=\"elementor-element elementor-element-7dfc66f elementor-widget elementor-widget-image\" data-id=\"7dfc66f\" data-element_type=\"widget\" data-e-type=\"widget\" data-widget_type=\"image.default\">\n\t\t\t\t<div class=\"elementor-widget-container\">\n\t\t\t\t\t\t\t\t\t\t\t\t\t\t\t<img loading=\"lazy\" decoding=\"async\" width=\"752\" height=\"394\" src=\"https:\/\/billard-aubenas.fr\/wp-content\/uploads\/2023\/10\/spriet-1024x537.jpeg\" class=\"attachment-large size-large wp-image-221\" alt=\"\" srcset=\"https:\/\/billard-aubenas.fr\/wp-content\/uploads\/2023\/10\/spriet-1024x537.jpeg 1024w, https:\/\/billard-aubenas.fr\/wp-content\/uploads\/2023\/10\/spriet-300x157.jpeg 300w, https:\/\/billard-aubenas.fr\/wp-content\/uploads\/2023\/10\/spriet-768x403.jpeg 768w, https:\/\/billard-aubenas.fr\/wp-content\/uploads\/2023\/10\/spriet.jpeg 1125w\" sizes=\"(max-width: 752px) 100vw, 752px\" \/>\t\t\t\t\t\t\t\t\t\t\t\t\t\t\t<\/div>\n\t\t\t\t<\/div>\n\t\t\t\t<\/div>\n\t\t<div class=\"elementor-element elementor-element-99514cc e-con-full e-flex e-con e-child\" data-id=\"99514cc\" data-element_type=\"container\" data-e-type=\"container\">\n\t\t\t\t<div class=\"elementor-element elementor-element-ffa49dc elementor-widget elementor-widget-image\" data-id=\"ffa49dc\" data-element_type=\"widget\" data-e-type=\"widget\" data-widget_type=\"image.default\">\n\t\t\t\t<div class=\"elementor-widget-container\">\n\t\t\t\t\t\t\t\t\t\t\t\t\t\t\t<img loading=\"lazy\" decoding=\"async\" width=\"752\" height=\"452\" src=\"https:\/\/billard-aubenas.fr\/wp-content\/uploads\/2023\/10\/dekra28082021.jpg\" class=\"attachment-large size-large wp-image-217\" alt=\"\" srcset=\"https:\/\/billard-aubenas.fr\/wp-content\/uploads\/2023\/10\/dekra28082021.jpg 876w, https:\/\/billard-aubenas.fr\/wp-content\/uploads\/2023\/10\/dekra28082021-300x180.jpg 300w, https:\/\/billard-aubenas.fr\/wp-content\/uploads\/2023\/10\/dekra28082021-768x461.jpg 768w\" sizes=\"(max-width: 752px) 100vw, 752px\" \/>\t\t\t\t\t\t\t\t\t\t\t\t\t\t\t<\/div>\n\t\t\t\t<\/div>\n\t\t\t\t<\/div>\n\t\t<div class=\"elementor-element elementor-element-77783d2 e-con-full e-flex e-con e-child\" data-id=\"77783d2\" data-element_type=\"container\" data-e-type=\"container\">\n\t\t\t\t<div class=\"elementor-element elementor-element-2de5a28 elementor-widget elementor-widget-image\" data-id=\"2de5a28\" data-element_type=\"widget\" data-e-type=\"widget\" data-widget_type=\"image.default\">\n\t\t\t\t<div class=\"elementor-widget-container\">\n\t\t\t\t\t\t\t\t\t\t\t\t\t\t\t<img loading=\"lazy\" decoding=\"async\" width=\"752\" height=\"492\" src=\"https:\/\/billard-aubenas.fr\/wp-content\/uploads\/2023\/10\/prestibat-1024x670.jpg\" class=\"attachment-large size-large wp-image-228\" alt=\"\" srcset=\"https:\/\/billard-aubenas.fr\/wp-content\/uploads\/2023\/10\/prestibat-1024x670.jpg 1024w, https:\/\/billard-aubenas.fr\/wp-content\/uploads\/2023\/10\/prestibat-300x196.jpg 300w, https:\/\/billard-aubenas.fr\/wp-content\/uploads\/2023\/10\/prestibat-768x502.jpg 768w, https:\/\/billard-aubenas.fr\/wp-content\/uploads\/2023\/10\/prestibat.jpg 1125w\" sizes=\"(max-width: 752px) 100vw, 752px\" \/>\t\t\t\t\t\t\t\t\t\t\t\t\t\t\t<\/div>\n\t\t\t\t<\/div>\n\t\t\t\t<\/div>\n\t\t\t\t\t<\/div>\n\t\t\t\t<\/div>\n\t\t<div class=\"elementor-element elementor-element-90674c7 e-flex e-con-boxed e-con e-parent\" data-id=\"90674c7\" data-element_type=\"container\" data-e-type=\"container\">\n\t\t\t\t\t<div class=\"e-con-inner\">\n\t\t\t\t<div class=\"elementor-element elementor-element-fbdcb97 elementor-shape-rounded elementor-grid-0 e-grid-align-center elementor-widget elementor-widget-social-icons\" data-id=\"fbdcb97\" data-element_type=\"widget\" data-e-type=\"widget\" data-widget_type=\"social-icons.default\">\n\t\t\t\t<div class=\"elementor-widget-container\">\n\t\t\t\t\t\t\t<div class=\"elementor-social-icons-wrapper elementor-grid\" role=\"list\">\n\t\t\t\t\t\t\t<span class=\"elementor-grid-item\" role=\"listitem\">\n\t\t\t\t\t<a class=\"elementor-icon elementor-social-icon elementor-social-icon-facebook elementor-repeater-item-b2c297b\" target=\"_blank\">\n\t\t\t\t\t\t<span class=\"elementor-screen-only\">Facebook<\/span>\n\t\t\t\t\t\t<svg aria-hidden=\"true\" class=\"e-font-icon-svg e-fab-facebook\" viewBox=\"0 0 512 512\" xmlns=\"http:\/\/www.w3.org\/2000\/svg\"><path d=\"M504 256C504 119 393 8 256 8S8 119 8 256c0 123.78 90.69 226.38 209.25 245V327.69h-63V256h63v-54.64c0-62.15 37-96.48 93.67-96.48 27.14 0 55.52 4.84 55.52 4.84v61h-31.28c-30.8 0-40.41 19.12-40.41 38.73V256h68.78l-11 71.69h-57.78V501C413.31 482.38 504 379.78 504 256z\"><\/path><\/svg>\t\t\t\t\t<\/a>\n\t\t\t\t<\/span>\n\t\t\t\t\t\t\t<span class=\"elementor-grid-item\" role=\"listitem\">\n\t\t\t\t\t<a class=\"elementor-icon elementor-social-icon elementor-social-icon-youtube elementor-repeater-item-642325e\" target=\"_blank\">\n\t\t\t\t\t\t<span class=\"elementor-screen-only\">Youtube<\/span>\n\t\t\t\t\t\t<svg aria-hidden=\"true\" class=\"e-font-icon-svg e-fab-youtube\" viewBox=\"0 0 576 512\" xmlns=\"http:\/\/www.w3.org\/2000\/svg\"><path d=\"M549.655 124.083c-6.281-23.65-24.787-42.276-48.284-48.597C458.781 64 288 64 288 64S117.22 64 74.629 75.486c-23.497 6.322-42.003 24.947-48.284 48.597-11.412 42.867-11.412 132.305-11.412 132.305s0 89.438 11.412 132.305c6.281 23.65 24.787 41.5 48.284 47.821C117.22 448 288 448 288 448s170.78 0 213.371-11.486c23.497-6.321 42.003-24.171 48.284-47.821 11.412-42.867 11.412-132.305 11.412-132.305s0-89.438-11.412-132.305zm-317.51 213.508V175.185l142.739 81.205-142.739 81.201z\"><\/path><\/svg>\t\t\t\t\t<\/a>\n\t\t\t\t<\/span>\n\t\t\t\t\t<\/div>\n\t\t\t\t\t\t<\/div>\n\t\t\t\t<\/div>\n\t\t\t\t\t<\/div>\n\t\t\t\t<\/div>\n\t\t<div class=\"elementor-element elementor-element-826a460 e-flex e-con-boxed e-con e-parent\" data-id=\"826a460\" data-element_type=\"container\" data-e-type=\"container\">\n\t\t\t\t\t<div class=\"e-con-inner\">\n\t\t\t\t\t<\/div>\n\t\t\t\t<\/div>\n\t\t\t\t<\/div>\n\t\t","protected":false},"excerpt":{"rendered":"<p>Fond\u00e9 dans les ann\u00e9es 1990 par Paul Privat,le club vous propose aujourd&rsquo;hui plusieurs disciplines :le billard fran\u00e7ais,\u00a0le 5 quilles\u00a0et\u00a0le blackball. Venez d\u00e9couvrir ces disciplines sur des billards de comp\u00e9tition. Nos partenaires Facebook Youtube<\/p>\n","protected":false},"author":1,"featured_media":0,"parent":0,"menu_order":0,"comment_status":"closed","ping_status":"closed","template":"","meta":{"footnotes":""},"class_list":["post-8","page","type-page","status-publish","hentry"],"_links":{"self":[{"href":"https:\/\/billard-aubenas.fr\/index.php?rest_route=\/wp\/v2\/pages\/8","targetHints":{"allow":["GET"]}}],"collection":[{"href":"https:\/\/billard-aubenas.fr\/index.php?rest_route=\/wp\/v2\/pages"}],"about":[{"href":"https:\/\/billard-aubenas.fr\/index.php?rest_route=\/wp\/v2\/types\/page"}],"author":[{"embeddable":true,"href":"https:\/\/billard-aubenas.fr\/index.php?rest_route=\/wp\/v2\/users\/1"}],"replies":[{"embeddable":true,"href":"https:\/\/billard-aubenas.fr\/index.php?rest_route=%2Fwp%2Fv2%2Fcomments&post=8"}],"version-history":[{"count":182,"href":"https:\/\/billard-aubenas.fr\/index.php?rest_route=\/wp\/v2\/pages\/8\/revisions"}],"predecessor-version":[{"id":1065,"href":"https:\/\/billard-aubenas.fr\/index.php?rest_route=\/wp\/v2\/pages\/8\/revisions\/1065"}],"wp:attachment":[{"href":"https:\/\/billard-aubenas.fr\/index.php?rest_route=%2Fwp%2Fv2%2Fmedia&parent=8"}],"curies":[{"name":"wp","href":"https:\/\/api.w.org\/{rel}","templated":true}]}}